t q be 2*(16 + 0 + -3). Calculate the greatest common divisor of l and q.
13
Let x be 1 + -7*(4 + -6). What is the highest common divisor of x and 15?
15
Suppose 0 = -4*z - 3*d - 0*d + 69, 5*z + 2*d - 88 = 0. Calculate the highest common divisor of 27 and z.
9
Let h be (-17)/(-34) - (-5)/2. Calculate the greatest common divisor of h and 21.
3
Let y(q) = q**2 - q - 2. Suppose -8 = 3*i + 10. Let c be y(i). Let s(b) = -b + 10. Let t be s(0). Calculate the highest common factor of c and t.
10
Let h = 23 + -20. What is the greatest common divisor of 33 and h?
3
Suppose z + 16 = 5*z. Let j be (4 - 2) + 10*1. Let f = j + 0. Calculate the highest common divisor of f and z.
4
Let b = 2 - 0. Suppose 2*w - 92 = -u - b*u, 3*w + 4*u = 136. Calculate the highest common factor of 5 and w.
5
Let v(p) be the first derivative of -p**3/3 + 11*p - 1. Suppose -4*q = 0, -3*o - 3*q = -2*q. Let z be v(o). Calculate the greatest common factor of z and 11.
11
Suppose -2 = -3*s + 5*g, 5*s - 5 = -3*g + 21. Let r(b) = 5*b - 6. Let q be r(s). What is the greatest common factor of q and 14?
14
Let n = 20 - -24. Let m(d) = -d**2 - 23*d - 38. Let i be m(-20). What is the highest common divisor of n and i?
22
Let t(i) = -3*i - 1. Let p be (5 - 7) + (-1)/(-1). Let y be t(p). What is the highest common factor of y and 4?
2
Let h = -1 + 1. Suppose h = -3*v + 79 - 4. What is the highest common factor of 10 and v?
5
Suppose -4 = 4*k + 3*q, -3*q - 3 = 5*k + 2. Let u be (-1 - -2)*(-30)/k. Let i = 102 - u. Calculate the greatest common factor of i and 8.
8
Let m be ((-4)/6)/(15/(-630)). What is the highest common factor of 7 and m?
7
Suppose 5*y - 104 = -14. Let i be (-1938)/(-27) + 4/y. Calculate the highest common divisor of 8 and i.
8
Let h(d) = -d - 3. Let g be h(-4). Suppose 11 + g = 3*a. What is the highest common divisor of a and 4?
4
Suppose f - 10 = 1. What is the highest common divisor of f and 22?
11
Let i = 292 - 175. Calculate the highest common divisor of i and 13.
13
Suppose b - 3*f - 13 = f, 3*b - 65 = -f. Let s be 6*(-3 - b/(-6)). Calculate the highest common factor of s and 6.
3
Let k(z) = 21*z**2 + 1. Let s be k(-1). Calculate the highest common factor of s and 11.
11
Suppose 0 = -5*k + 3496 - 806. Suppose k = 4*n - x, -3*x = -3*n - 5*x + 409. What is the highest common divisor of 15 and n?
15
Let a(h) = h**3 - 2*h**2 + 2*h + 1. Let z be a(2). Suppose -k + 0*r + 178 = -z*r, -2*k = -5*r - 376. What is the highest common divisor of 22 and k?
22
Let m(f) = -f**2 + 11*f - 2. Let r(s) = -s**3 - 9*s**2 - 8*s + 9. Let o be r(-8). Let i be m(o). What is the greatest common factor of i and 4?
4
Suppose -4*b + 3*b + 2 = 0. Suppose 3*j + j = 8. Calculate the greatest common factor of j and b.
2
Suppose n - 10 = 2*n - 4*m, -4*n + 2*m + 2 = 0. Let i = n - 1. Let u be i/(-5) + 93/15. What is the greatest common factor of u and 6?
6
Let l be ((-4)/3)/((-2)/45). Let f = -23 + 33. Let b = 22 - f. Calculate the greatest common factor of l and b.
6
Let n = 108 - 49. Suppose 11 = 5*g - n. Calculate the highest common factor of 112 and g.
14
Let r be (-4 + 7)*2/3. Suppose -r*t + 147 = -t. Let d = t + -102. Calculate the highest common factor of d and 9.
9
Suppose 5*f = t - 5*t + 97, 4*t = 5*f + 47. What is the highest common divisor of 18 and t?
18
Suppose 2*j - 67 = -219. Let y = j + 106. What is the highest common factor of y and 12?
6
Let d be (0 - 1)*14/(-21)*9. Let r(f) = 23*f**2 - f. Let s be r(-1). What is the greatest common factor of s and d?
6
Let t(v) = v**3 + 4*v**2 - 24*v - 9. Let n be t(-7). Calculate the greatest common divisor of 24 and n.
12
Let s(c) = c**2 - 10*c - 1. Let v be s(5). Let t = v + 44. Suppose 0 = 5*x + 5*m - 50, -x + 3*m + 42 = 2*x. Calculate the greatest common divisor of t and x.
6
Let n be 3*(-2)/2 + 5. Suppose -n*t + 30 = -30. Calculate the highest common factor of 45 and t.
15
Suppose 4*g = 39 + 21. Let u(m) = -m**2 + m. Let q be u(0). Let o = q + 3. What is the greatest common divisor of o and g?
3
Suppose -2*p = -7*p + 350. Calculate the highest common factor of p and 20.
10
Let c(t) = 39 - 3 - t**2 - 3*t**2 + 5*t**2. Let a be c(0). What is the greatest common divisor of 12 and a?
12
Let z(g) = g**2 - 5*g - 1. Let m be z(-2). Calculate the greatest common factor of m and 65.
13
Let p = -10 - -10. Suppose -4*i = u - 63, p*u - 4*u - 2*i = -224. What is the greatest common divisor of 5 and u?
5
Suppose -7*z + t = -2*z - 36, z - 3*t + 4 = 0. What is the greatest common divisor of 8 and z?
8
Let q(z) = 3*z**2 - z - 6. Let m be q(-3). Calculate the highest common factor of m and 8.
8
Let j(l) = 4*l**2. Let f be j(2). Let n = 5 - -7. Let y = 20 - n. Calculate the highest common factor of y and f.
8
Let s be (-8 - -3) + 2 + 4. Suppose -7 = -w - 0. Calculate the highest common divisor of w and s.
1
Suppose -7*u + 9 = -2*u + 2*w, -4*u - 3*w + 3 = 0. Let v = 26 + -50. Let t = v + 51. What is the highest common factor of t and u?
3
Let p be 10*108/4 - 16/(-8). What is the highest common factor of 16 and p?
16
Let r = 1 - -4. What is the greatest common factor of 35 and r?
5
Let a = 31 - 19. What is the greatest common factor of 132 and a?
12
Let b(d) = d**3 + 7*d**2 - 9*d - 3. Let v be b(-8). Suppose -y + 26 = q + 3*q, v*y = 5*q - 20. What is the highest common divisor of 9 and q?
3
Suppose 0 = -4*i + 180 + 364. Calculate the highest common divisor of 17 and i.
17
Let d(s) = -s. Let q be d(-2). Let b(z) = z**2 + 3*z - 15. Let p be b(-6). Calculate the highest common factor of p and q.
1
Let r(v) be the second derivative of -v**3/6 + v**2 - 4*v. Let i be r(-5). Calculate the greatest common factor of i and 7.
7
Let h(k) = 79*k + 1. Let p be h(1). Suppose -2*s + 7*s - p = 0. Calculate the highest common divisor of 64 and s.
16
Let j be (-10948)/69*(5/(-2) - -1). What is the highest common factor of 14 and j?
14
Let u(n) = 5 - 6 + n - 8 - 4*n. Let c be u(-7). Calculate the greatest common factor of 132 and c.
12
Let m(r) = -3*r**3 - 5*r**2 + 2*r + 1. Let g be m(-4). What is the highest common divisor of 21 and g?
21
Let i(s) = 55*s. Let k be 3/1*(0 - -2). Let f be i(k). Suppose 4*b = -b + f. Calculate the greatest common divisor of b and 6.
6
Let v be -2 + (0 - (-4 + 2)). Suppose v = -21*l + 18*l + 24. Calculate the highest common factor of 24 and l.
8
Suppose 5*l = 2*b - 11, 8 = -3*l - l + 2*b. Let q = l - -7. Let v(s) = -4*s + 2. Let d be v(-1). What is the highest common divisor of q and d?
2
Let o = 33 - 13. Calculate the highest common divisor of o and 10.
10
Let n(j) = 2*j. Let a be n(2). Suppose -227 = -3*b + a*y, 0 = -5*b - 5*y + 248 + 142. Calculate the highest common factor of b and 7.
7
Let l(k) = -k - 1. Let s(u) = -u**2 + 10*u - 6. Let a(x) = 2*l(x) + s(x). Let q be a(6). Let m = q + 4. Calculate the highest common factor of 40 and m.
8
Let q be 8*(-2 - -1)/(-2). Calculate the highest common factor of q and 32.
4
Suppose 4*j - 55 = -j. Calculate the greatest common factor of 33 and j.
11
Suppose 4*s = 53 + 59. Let m be ((-42)/(-15))/((-1)/(-5) - 0). What is the highest common divisor of m and s?
14
Let h(s) = -3*s - 1. Suppose 2*m - 30 = 7*m. Let i be h(m). Calculate the greatest common divisor of i and 153.
17
Let i(u) = -u**3 + 7*u**2 - 4*u - 4. Let j be i(4). Suppose -j = -2*t - 2*t. Calculate the highest common divisor of 14 and t.
7
Suppose -112 - 284 = -2*v. Calculate the highest common divisor of v and 18.
18
Let s(t) = -t**2 + t + 10. Suppose 0 = -0*m + 2*m. Let a be s(m). What is the highest common factor of 10 and a?
10
Let i be (-26)/(-14) - 1/(-7). Suppose 0 = -i*a + 13 + 51. Calculate the greatest common factor of a and 128.
32
Suppose i + 0*i = 30. Suppose -t + 32 = 3*t. Let s = t + 4. What is the greatest common divisor of s and i?
6
Suppose 12 - 6 = 2*p. Let u = 11 - 6. Let d = 8 - u. Calculate the greatest common divisor of p and d.
3
Let i be 36 + (-1 - -2) + -1. Let o(k) = k**3 - 5*k**2 - 3*k + 6. Let s be o(6). Let t = -12 + s. What is the highest common factor of i and t?
12
Suppose -2*h - 2*b + 36 = 0, -2*b + 50 = 5*h - 5*b. Let d = 286 - 169. What is the greatest common divisor of d and h?
13
Let t(y) = -y**3 + 3*y**2 + 4*y + 2. Suppose n = -0*i - 4*i - 8, -n = 0. Let v be 2 - 4/(1*i). Let r be t(v). What is the greatest c